{"id":56,"date":"2016-05-22T13:23:25","date_gmt":"2016-05-22T13:23:25","guid":{"rendered":"http:\/\/www.haraldfriedl.ch\/?page_id=56"},"modified":"2023-01-31T09:05:13","modified_gmt":"2023-01-31T08:05:13","slug":"ueber-mich","status":"publish","type":"page","link":"https:\/\/www.haraldfriedl.ch\/?page_id=56","title":{"rendered":"\u00dcber mich"},"content":{"rendered":"<figure id=\"attachment_13\" aria-describedby=\"caption-attachment-13\" style=\"width: 450px\" class=\"wp-caption alignnone\"><a href=\"https:\/\/www.haraldfriedl.ch\/wp-content\/uploads\/2016\/05\/Bild-Harald-Editorial-e1464126384424.jpg\"><img loading=\"lazy\" decoding=\"async\" class=\"wp-image-13 size-large\" src=\"https:\/\/www.haraldfriedl.ch\/wp-content\/uploads\/2016\/05\/Bild-Harald-Editorial-1024x409.jpg\" alt=\"Bild Harald Editorial\" width=\"450\" height=\"180\" \/><\/a><figcaption id=\"caption-attachment-13\" class=\"wp-caption-text\">Foto Lydia Meyer<\/figcaption><\/figure>\n<h2><span style=\"color: #800080;\">CV Harald Friedl<\/span><\/h2>\n<p>Chemiker HTL, MAS-Umweltmanagement und -technik FHNW<\/p>\n<p><span style=\"color: #000000;\">*05.06.1972 in Liestal, wohnhaft in Basel<\/span><\/p>\n<h3><span style=\"color: #800080;\"><strong>T\u00e4tigkeiten<\/strong><\/span><\/h3>\n<p><strong>2021-heute<\/strong> | Co-Pr\u00e4sident Koordinationsplattform der Kantone ABC (KPABC)<\/p>\n<p><strong>2015<\/strong><strong>\u2013heute<\/strong> | Leiter Fachstelle ABC-Vorsorge, Gesundheitsdepartement Basel-Stadt<\/p>\n<p><strong>2013\u20132014\u00a0<\/strong>| Luftmessungen und Spurenanalytik, Intertek Schweiz<\/p>\n<p><strong>2012<\/strong>\u2013<strong>2014\u00a0<\/strong>| Selbst\u00e4ndig, Auftr\u00e4ge im Umweltbereich, Spezialgebiet Altlasten (Gutachten etc.)<\/p>\n<p><strong>2007<\/strong>\u2013<strong>2011\u00a0<\/strong>| Gewerkschaftssekret\u00e4r\u00a0Chemie \/ Pharma, Unia\u00a0NWCH<\/p>\n<p><strong>1996<\/strong>\u2013<strong>2006\u00a0<\/strong>| Diverse Engagements in der Basler chemisch-, pharmazeutischen Industrie als Betriebschemiker und Laborleiter &#8211; 9-monatiger USA-Aufenthalt (Inbetriebnahme einer Produktionsanlage)<\/p>\n<h3><span style=\"color: #800080;\"><strong>Nebenberuflich \/ Ausbildung<\/strong><\/span><\/h3>\n<p><strong>2016\u2013heute <\/strong>| Grossrat Gr\u00fcn-Alternatives B\u00fcndnis (Gr\u00fcne)<\/p>\n<p><strong>2005\u20132015\u00a0<\/strong>| Redaktion und Layout Gr\u00fcner Pfeffer (Infobulletin der Gr\u00fcnen Basel-Stadt)<\/p>\n<p><strong>2013\u20132014\u00a0<\/strong>| Masterarbeit: Das Biozid Triclosan im Kontext von Chemikalienpolitik und Risikobewertung<\/p>\n<p><strong>2011\u20132012 <\/strong>| Studium MAS Umwelttechnik und \u2013management, FHNW<\/p>\n<p><strong>1992<\/strong>\u2013<strong>1995\u00a0<\/strong>| Studium Chemiker HTL, IBB Muttenz (heute FHNW)<\/p>\n<p><strong>1988<\/strong>\u2013<strong>1991 <\/strong>| Textillaborantenlehre, Sandoz AG<\/p>\n<p><strong>1979<\/strong>\u2013<strong>1988 <\/strong>| Primarschule\u00a0Niederdorf, Progymnasium Oberdorf<\/p>\n<h3><span style=\"color: #800080;\"><strong>Freizeit<\/strong><\/span><\/h3>\n<p><span style=\"color: #000000; font-family: Arial;\">In meiner Freizeit\u2026<\/span><\/p>\n<p><span style=\"color: #000000; font-family: Arial;\">\u2026 sattle ich gerne eines meiner Velos und durchk\u00e4mme das Baselbiet, den Sundgau, oder den S\u00fcdschwarzwald. <\/span><\/p>\n<p><span style=\"color: #000000; font-family: Arial;\">\u2026 schn\u00fcre ich gerne meine Fussballschuhe und luchse den St\u00fcrmern den Ball vom Fuss oder packe mein Badmintonracket aus und lass die Federn fliegen.<\/span><\/p>\n<p><span style=\"color: #000000; font-family: Arial;\">\u2026 verlass ich gerne meine Stadt und erklimme wandernd die Sch\u00f6nheiten des Juras oder der Alpen.<\/span><\/p>\n<p><span style=\"color: #000000; font-family: Arial;\">\u2026 lass ich gerne den Kochl\u00f6ffel kreisen und mach dem Gem\u00fcse den Garaus.<\/span><\/p>\n<p><span style=\"color: #000000; font-family: Arial;\">\u2026 lege ich gerne ein schr\u00e4ges St\u00fcck Musik auf und wippe mit den F\u00fcssen gegen den Takt. <\/span><\/p>\n<p><span style=\"color: #000000; font-family: Arial;\">\u2026 packe ich gerne eine Grafic Novel aus dem Regal und begebe mich auf den Grund der Erz\u00e4hlung.<\/span><\/p>\n<p><span style=\"color: #000000; font-family: Arial;\">\u2026 l\u00f6se ich gerne ein Ticket f\u00fcrs Kino und tauche in die Melodramatik dieser Welt ein.<\/span><\/p>\n<p><span style=\"color: #000000; font-family: Arial;\">Leider hat auch mein Tag nur 24 Stunden und ich bin oft schon zufrieden, wenn ich mir ein k\u00fchles Bier im grossz\u00fcgigen Garten genehmigen kann.<\/span><\/p>\n","protected":false},"excerpt":{"rendered":"<p>CV Harald Friedl Chemiker HTL, MAS-Umweltmanagement und -technik FHNW *05.06.1972 in Liestal, wohnhaft in Basel T\u00e4tigkeiten 2021-heute | Co-Pr\u00e4sident Koordinationsplattform der Kantone ABC (KPABC) 2015\u2013heute | Leiter Fachstelle ABC-Vorsorge, Gesundheitsdepartement Basel-Stadt 2013\u20132014\u00a0| Luftmessungen und Spurenanalytik, Intertek Schweiz 2012\u20132014\u00a0| Selbst\u00e4ndig, Auftr\u00e4ge im Umweltbereich, Spezialgebiet Altlasten (Gutachten etc.) 2007\u20132011\u00a0| Gewerkschaftssekret\u00e4r\u00a0Chemie \/ Pharma, Unia\u00a0NWCH 1996\u20132006\u00a0| Diverse Engagements in [&hellip;]<\/p>\n","protected":false},"author":1,"featured_media":0,"parent":0,"menu_order":1,"comment_status":"closed","ping_status":"closed","template":"","meta":{"jetpack_post_was_ever_published":false,"footnotes":""},"class_list":["post-56","page","type-page","status-publish","hentry"],"jetpack_sharing_enabled":true,"jetpack_shortlink":"https:\/\/wp.me\/P7G04Y-U","_links":{"self":[{"href":"https:\/\/www.haraldfriedl.ch\/index.php?rest_route=\/wp\/v2\/pages\/56","targetHints":{"allow":["GET"]}}],"collection":[{"href":"https:\/\/www.haraldfriedl.ch\/index.php?rest_route=\/wp\/v2\/pages"}],"about":[{"href":"https:\/\/www.haraldfriedl.ch\/index.php?rest_route=\/wp\/v2\/types\/page"}],"author":[{"embeddable":true,"href":"https:\/\/www.haraldfriedl.ch\/index.php?rest_route=\/wp\/v2\/users\/1"}],"replies":[{"embeddable":true,"href":"https:\/\/www.haraldfriedl.ch\/index.php?rest_route=%2Fwp%2Fv2%2Fcomments&post=56"}],"version-history":[{"count":44,"href":"https:\/\/www.haraldfriedl.ch\/index.php?rest_route=\/wp\/v2\/pages\/56\/revisions"}],"predecessor-version":[{"id":899,"href":"https:\/\/www.haraldfriedl.ch\/index.php?rest_route=\/wp\/v2\/pages\/56\/revisions\/899"}],"wp:attachment":[{"href":"https:\/\/www.haraldfriedl.ch\/index.php?rest_route=%2Fwp%2Fv2%2Fmedia&parent=56"}],"curies":[{"name":"wp","href":"https:\/\/api.w.org\/{rel}","templated":true}]}}

Über mich

<figure id="attachment_13" aria-describedby="caption-attachment-13" style="width: 450px" class="wp-caption alignnone"><a href="https://www.haraldfriedl.ch/wp-content/uploads/2016/05/Bild-Harald-Editorial-e1464126384424.jpg"><img loading="lazy" decoding="async" class="wp-image-13 size-large" src="https://www.haraldfriedl.ch/wp-content/uploads/2016/05/Bild-Harald-Editorial-1024x409.jpg" alt="Bild Harald Editorial" width="450" height="180" /></a><figcaption id="caption-attachment-13" class="wp-caption-text">Foto Lydia Meyer</figcaption></figure>
<h2><span style="color: #800080;">CV Harald Friedl</span></h2>
<p>Chemiker HTL, MAS-Umweltmanagement und -technik FHNW</p>
<p><span style="color: #000000;">*05.06.1972 in Liestal, wohnhaft in Basel</span></p>
<h3><span style="color: #800080;"><strong>Tätigkeiten</strong></span></h3>
<p><strong>2021-heute</strong> | Co-Präsident Koordinationsplattform der Kantone ABC (KPABC)</p>
<p><strong>2015</strong><strong>–heute</strong> | Leiter Fachstelle ABC-Vorsorge, Gesundheitsdepartement Basel-Stadt</p>
<p><strong>2013–2014 </strong>| Luftmessungen und Spurenanalytik, Intertek Schweiz</p>
<p><strong>2012</strong>–<strong>2014 </strong>| Selbständig, Aufträge im Umweltbereich, Spezialgebiet Altlasten (Gutachten etc.)</p>
<p><strong>2007</strong>–<strong>2011 </strong>| Gewerkschaftssekretär Chemie / Pharma, Unia NWCH</p>
<p><strong>1996</strong>–<strong>2006 </strong>| Diverse Engagements in der Basler chemisch-, pharmazeutischen Industrie als Betriebschemiker und Laborleiter &#8211; 9-monatiger USA-Aufenthalt (Inbetriebnahme einer Produktionsanlage)</p>
<h3><span style="color: #800080;"><strong>Nebenberuflich / Ausbildung</strong></span></h3>
<p><strong>2016–heute </strong>| Grossrat Grün-Alternatives Bündnis (Grüne)</p>
<p><strong>2005–2015 </strong>| Redaktion und Layout Grüner Pfeffer (Infobulletin der Grünen Basel-Stadt)</p>
<p><strong>2013–2014 </strong>| Masterarbeit: Das Biozid Triclosan im Kontext von Chemikalienpolitik und Risikobewertung</p>
<p><strong>2011–2012 </strong>| Studium MAS Umwelttechnik und –management, FHNW</p>
<p><strong>1992</strong>–<strong>1995 </strong>| Studium Chemiker HTL, IBB Muttenz (heute FHNW)</p>
<p><strong>1988</strong>–<strong>1991 </strong>| Textillaborantenlehre, Sandoz AG</p>
<p><strong>1979</strong>–<strong>1988 </strong>| Primarschule Niederdorf, Progymnasium Oberdorf</p>
<h3><span style="color: #800080;"><strong>Freizeit</strong></span></h3>
<p><span style="color: #000000; font-family: Arial;">In meiner Freizeit…</span></p>
<p><span style="color: #000000; font-family: Arial;">… sattle ich gerne eines meiner Velos und durchkämme das Baselbiet, den Sundgau, oder den Südschwarzwald. </span></p>
<p><span style="color: #000000; font-family: Arial;">… schnüre ich gerne meine Fussballschuhe und luchse den Stürmern den Ball vom Fuss oder packe mein Badmintonracket aus und lass die Federn fliegen.</span></p>
<p><span style="color: #000000; font-family: Arial;">… verlass ich gerne meine Stadt und erklimme wandernd die Schönheiten des Juras oder der Alpen.</span></p>
<p><span style="color: #000000; font-family: Arial;">… lass ich gerne den Kochlöffel kreisen und mach dem Gemüse den Garaus.</span></p>
<p><span style="color: #000000; font-family: Arial;">… lege ich gerne ein schräges Stück Musik auf und wippe mit den Füssen gegen den Takt. </span></p>
<p><span style="color: #000000; font-family: Arial;">… packe ich gerne eine Grafic Novel aus dem Regal und begebe mich auf den Grund der Erzählung.</span></p>
<p><span style="color: #000000; font-family: Arial;">… löse ich gerne ein Ticket fürs Kino und tauche in die Melodramatik dieser Welt ein.</span></p>
<p><span style="color: #000000; font-family: Arial;">Leider hat auch mein Tag nur 24 Stunden und ich bin oft schon zufrieden, wenn ich mir ein kühles Bier im grosszügigen Garten genehmigen kann.</span></p>

<p>CV Harald Friedl Chemiker HTL, MAS-Umweltmanagement und -technik FHNW *05.06.1972 in Liestal, wohnhaft in Basel Tätigkeiten 2021-heute | Co-Präsident Koordinationsplattform der Kantone ABC (KPABC) 2015–heute | Leiter Fachstelle ABC-Vorsorge, Gesundheitsdepartement Basel-Stadt 2013–2014 | Luftmessungen und Spurenanalytik, Intertek Schweiz 2012–2014 | Selbständig, Aufträge im Umweltbereich, Spezialgebiet Altlasten (Gutachten etc.) 2007–2011 | Gewerkschaftssekretär Chemie / Pharma, Unia NWCH 1996–2006 | Diverse Engagements in [&hellip;]</p>
