{"id":80,"date":"2016-05-22T13:34:48","date_gmt":"2016-05-22T13:34:48","guid":{"rendered":"http:\/\/www.haraldfriedl.ch\/?page_id=80"},"modified":"2024-05-13T19:03:29","modified_gmt":"2024-05-13T17:03:29","slug":"voerstoesse","status":"publish","type":"page","link":"https:\/\/www.haraldfriedl.ch\/?page_id=80","title":{"rendered":"Im Grossen Rat"},"content":{"rendered":"<p><a href=\"https:\/\/www.grosserrat.bs.ch\/mitglieder\/15003958-harald-friedl\">Meine Arbeit im Grossen Rat<\/a>\u00a0(Portrait auf der Seite des Grossen Rats)<\/p>\n<h3><span style=\"color: #800080;\">Vorst\u00f6sse<\/span><\/h3>\n<p>2024-05 <a href=\"https:\/\/grosserrat.bs.ch\/dokumente\/100407\/000000407347.pdf\">Interpellation Sportanlage Schorenmatte<\/a><\/p>\n<p>2023-09\u00a0<a href=\"http:\/\/grosserrat.bs.ch\/dokumente\/100405\/000000405618.pdf\">Schriftliche Anfrage Modernisierung der Kl\u00e4rschlammverbrennungsanlage<\/a><\/p>\n<p>2023-06 <a href=\"https:\/\/grosserrat.bs.ch\/dokumente\/100405\/000000405141.pdf\">Interpellation Verkehrssicherheit des Kreisels Freiburgerstrasse\/Neuhausstrasse<\/a><\/p>\n<p>2023-04 <a href=\"https:\/\/grosserrat.bs.ch\/ratsbetrieb\/geschaefte\/200112429\">Interpellation Sanierungsarbeiten im Rosental und Benzidin<\/a><\/p>\n<p>2022-03 <a href=\"https:\/\/www.grosserrat.bs.ch\/ratsbetrieb\/geschaefte\/200111676\">Interpellation Abh\u00e4ngigkeit von Basel-Stadt von fossilen Rohstoffen<\/a><\/p>\n<p>2022-01 <a href=\"https:\/\/www.grosserrat.bs.ch\/dokumente\/100396\/000000396391.pdf\">Anzug Einrichtung eines Stadttaubenkonzepts<\/a><\/p>\n<p>2021-12 <a href=\"https:\/\/www.grosserrat.bs.ch\/ratsbetrieb\/geschaefte\/200111482\">Schriftliche Anfrage \u00f6kologische Bewirtschaftung der IBS-Immobilien<\/a><\/p>\n<p>2021-09 <a href=\"https:\/\/www.grosserrat.bs.ch\/dokumente\/100395\/000000395223.pdf\">Interpellation toxikologische Kriterien &#8211; Teil 2\u00a0<\/a><\/p>\n<p>2021-06 <a href=\"https:\/\/www.grosserrat.bs.ch\/dokumente\/100394\/000000394919.pdf\">Schriftliche Anfrage Gr\u00fcnstadt-Schweiz Label und Baummanagement im Kanton Basel-Stadt<\/a><\/p>\n<p>2021-04 <a href=\"https:\/\/www.grosserrat.bs.ch\/dokumente\/100394\/000000394171.pdf\">Schriftliche Anfrage Stadttaubenmanagement im Kanton Basel-Stadt\u00a0<\/a><\/p>\n<p>2021-03 <a href=\"https:\/\/www.grosserrat.bs.ch\/dokumente\/100393\/000000393795.pdf?t=161678576320210326200923\">Interpellation toxikologische Kriterien in Basel-Stadt<\/a><\/p>\n<p>2021-02 <a href=\"http:\/\/www.grosserrat.bs.ch\/dokumente\/100393\/000000393555.pdf?t=161227688120210202154121\">Interpellation Nichtbeantwortung von Fragen von 400 Quartierbewohnern aus einer &#8222;Informationsveranstaltung&#8220; zum geplanten Parking unter der Tschudimatte<\/a><\/p>\n<p>2020-10 <a href=\"http:\/\/www.grosserrat.bs.ch\/dokumente\/100393\/000000393418.pdf?t=161227665920210202153739\">Schriftliche Anfrage F\u00f6rderung von Schulg\u00e4rten in Basel-Stadt<\/a><\/p>\n<p>2020-06 <a href=\"http:\/\/www.grosserrat.bs.ch\/dokumente\/100392\/000000392045.pdf?t=159178128220200610112802\">Schriftliche Anfrage finanzielle und personelle Ressourcen f\u00fcr den Naturschutz im Kanton Basel-Stadt<\/a><\/p>\n<p>2019-09 <a href=\"http:\/\/www.grosserrat.bs.ch\/dokumente\/100390\/000000390549.pdf?t=157121152120191016093841\">Anzug Erlangung des Knospe-Labels f\u00fcr Basel-Stadt<\/a><\/p>\n<p>2019-04 <a href=\"http:\/\/www.grosserrat.bs.ch\/dokumente\/100389\/000000389628.pdf?t=155488356520190410100605\">Interpellation fehlende Visualisierungen beim Ozeanium<\/a><\/p>\n<p>2019-03 <a href=\"http:\/\/www.grosserrat.bs.ch\/dokumente\/100389\/000000389356.pdf?t=155144455120190301134911\">Antrag Standesinitiative: Abgabe auf Flugtickets sowie Engagement f\u00fcr eine internationale Kerosinsteuer<\/a><\/p>\n<p>2019-02 <a href=\"http:\/\/www.grosserrat.bs.ch\/dokumente\/100389\/000000389160.pdf?t=154961591320190208095153\">Interpellation Wegfall der direkten TGV-Linie Basel &#8211; Marseille<\/a><\/p>\n<p>2019-02 <a href=\"http:\/\/www.grosserrat.bs.ch\/dokumente\/100389\/000000389161.pdf?t=154961582420190208095024\">Schriftliche Anfrage naturnahe Rabatten und Rasenfl\u00e4chen<\/a><\/p>\n<p>2018-09 <a href=\"http:\/\/www.grosserrat.bs.ch\/dokumente\/100388\/000000388242.pdf\">Schriftliche Anfrage \u00f6kologische Ausgleichsmassnahmen<\/a><\/p>\n<p>2018-05 <a href=\"http:\/\/www.grosserrat.bs.ch\/dokumente\/100387\/000000387615.pdf\">Motion Frist f\u00fcr die Festlegung der Abstimmungen<\/a><\/p>\n<p>2018-05 <a href=\"http:\/\/www.grosserrat.bs.ch\/dokumente\/100387\/000000387599.pdf\">Interpellation Bewilligungspraxis bei Demonstrationen<\/a><\/p>\n<p>2018-03 <a href=\"http:\/\/www.grosserrat.bs.ch\/dokumente\/100387\/000000387360.pdf\">Schriftliche Anfrage &#8222;Chemieschlamm&#8220; im Klybeckquartier<\/a><\/p>\n<p>2017-12\u00a0<a href=\"http:\/\/www.grosserrat.bs.ch\/dokumente\/100386\/000000386781.pdf\">Motion St\u00e4rkung Wohnbaustrategie des Kantons Basel-Stadt<\/a><\/p>\n<p>2017-09 <a href=\"http:\/\/www.grosserrat.bs.ch\/dokumente\/100386\/000000386150.pdf\">Interpellation \u00dcberdenken der Zusammenarbeit mit Uber\u00a0<\/a><\/p>\n<p>2016-12 <a href=\"http:\/\/www.grosserrat.bs.ch\/dokumente\/100384\/000000384785.pdf\">Anzug Voraussetzungen f\u00fcr &#8222;Cargo sous terrain&#8220; (CST) im Kanton Basel-Stadt schaffen<\/a><\/p>\n<p>2016-10\u00a0<a href=\"http:\/\/www.grosserrat.bs.ch\/dokumente\/100384\/000000384261.pdf\">Interpellation E-Voting-System f\u00fcr den Kanton Basel-Stadt\u00a0<\/a><\/p>\n<p>2016-09 <a href=\"http:\/\/www.grosserrat.bs.ch\/dokumente\/100383\/000000383943.pdf\">Schriftliche Anfrage \u00d6kologische W\u00e4rmed\u00e4mmung bei kantonalen Bauten<\/a><\/p>\n<p>2016-08\u00a0<a href=\"http:\/\/www.grosserrat.bs.ch\/dokumente\/100383\/000000383918.pdf\" target=\"_blank\" rel=\"noopener noreferrer\">Schriftliche Anfrage Kriterienkataloge \u00f6ffentliche Beschaffung<\/a><\/p>\n<p>2016-06 <a href=\"https:\/\/www.haraldfriedl.ch\/wp-content\/uploads\/2016\/07\/160630-anz_frie_sicherheit-velofahrende-innere-margarethen.pdf\">Anzug Verbesserung der Sicherheit f\u00fcr Velofahrerinnen und Velofahrer in der Inneren Margarethenstrasse<\/a><\/p>\n<p>2016-06 <a href=\"http:\/\/www.grosserrat.bs.ch\/dokumente\/100383\/000000383506.pdf\">Interpellation Klimaschutzbericht des Kantons Basel-Stadt<\/a><\/p>\n<p><a href=\"http:\/\/www.grosserrat.bs.ch\/de\/38-mitteilung\/552-daniel-spirgi-rueckt-fuer-patrizia-bernasconi-nach-gruenes-buendnis\">Mitteilung Nachr\u00fccken vom 24. Mai 2016\u00a0<\/a>(Seite des Grossen Rats)<\/p>\n<p class=\"mceTemp\"><a href=\"https:\/\/www.haraldfriedl.ch\/wp-content\/uploads\/2016\/05\/Foto-Grosser-Rat-red.jpg\"><img loading=\"lazy\" decoding=\"async\" class=\"wp-image-238 size-large\" src=\"https:\/\/www.haraldfriedl.ch\/wp-content\/uploads\/2016\/05\/Foto-Grosser-Rat-red-1024x602.jpg\" width=\"450\" height=\"265\" srcset=\"https:\/\/www.haraldfriedl.ch\/wp-content\/uploads\/2016\/05\/Foto-Grosser-Rat-red-1024x602.jpg 1024w, https:\/\/www.haraldfriedl.ch\/wp-content\/uploads\/2016\/05\/Foto-Grosser-Rat-red-300x176.jpg 300w, https:\/\/www.haraldfriedl.ch\/wp-content\/uploads\/2016\/05\/Foto-Grosser-Rat-red-768x451.jpg 768w\" sizes=\"auto, (max-width: 450px) 100vw, 450px\" \/><\/a><\/p>\n<p class=\"mceTemp\"><em>Die neuen Grossr\u00e4tinnen und Grossr\u00e4te vom Gr\u00fcnen B\u00fcndnis<\/em><br \/>\n<em>v.l. Raphael Fuhrer, Tonja Z\u00fcrcher, Daniel Spirgi, Beatrice Messerli,<\/em><br \/>\n<em>Harald Friedl, Beat Leuthard. Foto Francesca Renggli M\u00e4rz 2016<\/em><\/p>\n<h2><\/h2>\n","protected":false},"excerpt":{"rendered":"<p>Meine Arbeit im Grossen Rat\u00a0(Portrait auf der Seite des Grossen Rats) Vorst\u00f6sse 2024-05 Interpellation Sportanlage Schorenmatte 2023-09\u00a0Schriftliche Anfrage Modernisierung der Kl\u00e4rschlammverbrennungsanlage 2023-06 Interpellation Verkehrssicherheit des Kreisels Freiburgerstrasse\/Neuhausstrasse 2023-04 Interpellation Sanierungsarbeiten im Rosental und Benzidin 2022-03 Interpellation Abh\u00e4ngigkeit von Basel-Stadt von fossilen Rohstoffen 2022-01 Anzug Einrichtung eines Stadttaubenkonzepts 2021-12 Schriftliche Anfrage \u00f6kologische Bewirtschaftung der IBS-Immobilien 2021-09 [&hellip;]<\/p>\n","protected":false},"author":1,"featured_media":0,"parent":0,"menu_order":0,"comment_status":"closed","ping_status":"closed","template":"","meta":{"jetpack_post_was_ever_published":false,"footnotes":""},"class_list":["post-80","page","type-page","status-publish","hentry"],"jetpack_sharing_enabled":true,"jetpack_shortlink":"https:\/\/wp.me\/P7G04Y-1i","_links":{"self":[{"href":"https:\/\/www.haraldfriedl.ch\/index.php?rest_route=\/wp\/v2\/pages\/80","targetHints":{"allow":["GET"]}}],"collection":[{"href":"https:\/\/www.haraldfriedl.ch\/index.php?rest_route=\/wp\/v2\/pages"}],"about":[{"href":"https:\/\/www.haraldfriedl.ch\/index.php?rest_route=\/wp\/v2\/types\/page"}],"author":[{"embeddable":true,"href":"https:\/\/www.haraldfriedl.ch\/index.php?rest_route=\/wp\/v2\/users\/1"}],"replies":[{"embeddable":true,"href":"https:\/\/www.haraldfriedl.ch\/index.php?rest_route=%2Fwp%2Fv2%2Fcomments&post=80"}],"version-history":[{"count":70,"href":"https:\/\/www.haraldfriedl.ch\/index.php?rest_route=\/wp\/v2\/pages\/80\/revisions"}],"predecessor-version":[{"id":932,"href":"https:\/\/www.haraldfriedl.ch\/index.php?rest_route=\/wp\/v2\/pages\/80\/revisions\/932"}],"wp:attachment":[{"href":"https:\/\/www.haraldfriedl.ch\/index.php?rest_route=%2Fwp%2Fv2%2Fmedia&parent=80"}],"curies":[{"name":"wp","href":"https:\/\/api.w.org\/{rel}","templated":true}]}}